r of 11999 and 460577.
923
Calculate the greatest common divisor of 512 and 105216.
256
Calculate the greatest common factor of 18940 and 200.
20
Calculate the greatest common divisor of 9250 and 6.
2
What is the greatest common factor of 1025 and 455?
5
What is the greatest common divisor of 52 and 59917?
13
What is the highest common divisor of 377303 and 307?
307
Calculate the greatest common factor of 580300 and 175.
175
What is the greatest common divisor of 5000468 and 88?
44
Calculate the greatest common divisor of 93 and 306187.
31
Calculate the highest common divisor of 4587 and 1056.
33
What is the greatest common factor of 2295 and 88995?
255
What is the highest common factor of 1264 and 359924?
316
Calculate the greatest common divisor of 3573 and 11513.
397
Calculate the highest common divisor of 255 and 19335.
15
Calculate the highest common factor of 261481 and 121.
121
What is the greatest common factor of 2438 and 14398?
46
What is the highest common divisor of 228 and 890720?
76
What is the highest common divisor of 16025 and 1225?
25
What is the highest common factor of 7305 and 165?
15
What is the greatest common divisor of 55 and 64713?
11
Calculate the greatest common divisor of 1151 and 25.
1
What is the highest common factor of 2254508 and 177?
59
What is the highest common factor of 11 and 6456769?
11
Calculate the greatest common factor of 2061 and 2367.
9
Calculate the highest common factor of 22 and 76538.
22
Calculate the highest common divisor of 17240 and 270.
10
Calculate the greatest common factor of 39547 and 213.
71
What is the highest common factor of 4455 and 108540?
405
What is the greatest common factor of 113700 and 300?
300
What is the highest common factor of 14391 and 40989?
39
What is the greatest common divisor of 310303 and 1358?
679
Calculate the greatest common factor of 4 and 3100772.
4
What is the highest common divisor of 19608 and 72?
24
Calculate the greatest common divisor of 4120 and 18643.
103
What is the highest common factor of 3300 and 252675?
75
What is the greatest common divisor of 713 and 20677?
713
Calculate the highest common factor of 1726 and 34.
2
What is the highest common factor of 290 and 71195?
145
Calculate the greatest common factor of 2438 and 276130.
106
What is the greatest common divisor of 516887 and 287?
287
Calculate the greatest common divisor of 218 and 75755.
109
What is the highest common factor of 13078 and 468?
26
Calculate the greatest common factor of 226 and 46669.
113
Calculate the greatest common divisor of 1155755 and 3880.
485
Calculate the greatest common divisor of 4686 and 145134.
66
Calculate the highest common factor of 10 and 144610.
10
What is the greatest common divisor of 64009 and 42320?
529
Calculate the greatest common divisor of 158 and 196394.
158
What is the highest common factor of 250 and 71360?
10
What is the greatest common factor of 114820 and 370?
10
What is the highest common factor of 157215 and 28905?
705
What is the highest common factor of 2520 and 60060?
420
What is the highest common divisor of 483184 and 416?
208
Calculate the greatest common divisor of 7029 and 693.
99
Calculate the greatest common divisor of 9823 and 31537.
517
Calculate the greatest common factor of 2024080 and 160.
80
Calculate the highest common divisor of 2240235 and 90.
45
Calculate the greatest common factor of 94 and 40749.
47
Calculate the greatest common factor of 27 and 1057.
1
What is the greatest common divisor of 50509 and 106?
53
What is the greatest common factor of 1042 and 4?
2
What is the greatest common divisor of 602 and 5074?
86
Calculate the highest common factor of 198 and 16566.
66
What is the greatest common divisor of 12 and 52120?
4
What is the highest common factor of 101286 and 85398?
1986
What is the highest common factor of 68745 and 540?
15
Calculate the highest common divisor of 1405 and 255.
5
What is the highest common factor of 636 and 21147?
159
What is the highest common divisor of 8234 and 18630?
46
Calculate the greatest common divisor of 126 and 1926.
18
Calculate the greatest common divisor of 111 and 29711.
37
Calculate the highest common divisor of 5630716 and 248.
124
What is the highest common factor of 8147 and 1?
1
What is the greatest common divisor of 452 and 181252?
452
Calculate the highest common factor of 4429 and 19909.
43
What is the greatest common factor of 103523 and 253?
23
Calculate the greatest common divisor of 129 and 8973025.
43
What is the highest common divisor of 278370 and 150?
30
Calculate the greatest common factor of 4 and 85680.
4
What is the greatest common divisor of 874 and 817?
19
Calculate the highest common factor of 50 and 1644490.
10
What is the highest common factor of 24309 and 2664?
333
Calculate the greatest common factor of 8309 and 707.
7
Calculate the highest common factor of 14 and 981589.
7
Calculate the highest common divisor of 314 and 202687.
157
Calculate the highest common divisor of 5963 and 267.
89
Calculate the greatest common divisor of 22 and 778.
2
Calculate the greatest common factor of 11193 and 1248.
39
Calculate the highest common factor of 12 and 12372.
12
Calculate the greatest common divisor of 318029 and 155.
31
What is the greatest common divisor of 9612 and 999?
27
What is the highest common divisor of 191735 and 465?
155
Calculate the highest common divisor of 2764 and 3408703.
691
Calculate the highest common divisor of 157 and 388889.
157
Calculate the greatest common divisor of 460240 and 880.
880
Calculate the highest common divisor of 88 and 171776.
88
What is the highest common factor of 32 and 150928?
16
What is the greatest common factor of 7900 and 100?
100
Calculate the greatest common divisor of 786 and 193880.
262
Calculate the greatest common divisor of 18335 and 247.
19
Calculate the greatest common factor of 3284863 and 5212.
1303
What is the highest common factor of 5225088 and 1056?
1056
What is the highest common divisor of 477 and 89667?
9
Calculate the highest common factor of 3695820 and 100.
20
Calculate the greatest common factor of 1563740 and 656.
164
What is the highest common divisor of 763968 and 1536?
192
What is the highest common divisor of 2532355 and 28?
7
What is the greatest common divisor of 4206 and 618?
6
Calculate the greatest common factor of 1184976 and 12.
12
What is the highest common factor of 704 and 41206?
22
Calculate the greatest common factor of 286138 and 553.
79
What is the highest common divisor of 1238 and 4191868?
1238
What is the highest common factor of 107 and 133643?
107
Calculate the highest common factor of 489272 and 196.
28
What is the greatest common factor of 552 and 12072?
24
Calculate the highest common factor of 14508077 and 19.
19
What is the highest common factor of 5928 and 9276?
12
Calculate the greatest common divisor of 689 and 4616989.
689
What is the greatest common divisor of 96767 and 20691?
209
Calculate the greatest common factor of 25245 and 33405.
255
What is the highest common divisor of 1068 and 208527?
267
Calculate the highest common factor of 6765 and 99.
33
What is the highest common factor of 10960 and 6080?
80
Calculate the highest common divisor of 1912 and 8843.
239
Calculate the highest common factor of 1060 and 338935.
265
What is the greatest common factor of 475 and 27949?
19
Calculate the greatest common factor of 91 and 6244.
7
Calculate the greatest common divisor of 152 and 907459.
19
What is the highest common factor of 11362 and 157757?
437
What is the highest common divisor of 269415 and 45?
45
Calculate the highest common factor of 19124 and 100.
4
What is the greatest common factor of 8697 and 39?
39
What is the greatest common factor of 6327 and 185877?
171
Calculate the greatest common factor of 2258 and 346.
2
What is the greatest common factor of 39207 and 399?
21
What is the greatest common factor of 20001 and 885?
177
Calculate the greatest common divisor of 1647 and 210999.
183
What is the greatest common divisor of 22262 and 16?
2
Calculate the greatest common factor of 154 and 385.
77
Calculate the greatest common divisor of 3553 and 125851.
187
Calculate the highest common divisor of 28287 and 4490.
449
What is the greatest com